 = -34 + 64. What is the greatest common divisor of a and z?
10
Suppose 0 = -2*u + 36. Calculate the greatest common divisor of u and 9.
9
Suppose 0 - 28 = -o. What is the greatest common factor of o and 42?
14
Suppose 68 = -2*h + 4*h. Calculate the highest common divisor of 272 and h.
34
Let l be -1 + -3*6/9. Let k be l/2*(-6 + 0). What is the highest common factor of 1 and k?
1
Let v be (-6)/15 + 44/10. Let k = v - -6. What is the highest common divisor of 4 and k?
2
Suppose 3*h - 105 = -3*j, -j = -2*h - 0*j + 73. What is the greatest common divisor of 12 and h?
12
Let c(p) be the first derivative of -5*p**2/2 - 5*p + 4. Let g be c(-5). Calculate the highest common factor of g and 20.
20
Let t be 2*(2 - 0) + -2. Suppose g = 2*c - 7*c + 195, t*c + g - 81 = 0. What is the highest common divisor of c and 19?
19
Let g = -53 + 115. Suppose 4 + g = 2*l. Calculate the greatest common factor of 22 and l.
11
Suppose -2 - 6 = -x. Suppose -4*z = -6*z + x. Calculate the highest common factor of 8 and z.
4
Let u = 16 - 1. Calculate the greatest common divisor of u and 120.
15
Let a = 0 + 2. Let k be 74/10 + a/(-5). Calculate the greatest common divisor of 63 and k.
7
Let u be (40 + 0)*(-21)/(-14). Calculate the greatest common factor of 480 and u.
60
Suppose 5*h + v - 878 = 4*v, -h - 5*v = -170. What is the greatest common divisor of h and 70?
35
Suppose 50*b = 45*b + 25. Let d be (15/9)/(1/3). Calculate the highest common divisor of d and b.
5
Let r = 20 + -2. Let v be (8/2)/(9/r). Let a(b) = 5*b**2 + 2*b. Let l be a(-4). What is the highest common factor of l and v?
8
Suppose -3*n = 5*z + 105, 6*z + 2*n = 2*z - 82. Let m = -15 - z. Calculate the highest common divisor of m and 3.
3
Suppose -2*z = -91 + 3. Calculate the greatest common divisor of z and 11.
11
Let h = 5 + -20. Let y = 27 + h. What is the highest common factor of 8 and y?
4
Suppose 4*x = -4*d + d + 288, 2*d = -2*x + 142. Suppose -j = x + 7. Let v be j/(-7) + (-2)/(-7). Calculate the greatest common factor of v and 108.
12
Let x = -7 + 5. Let f be 4*(6/(-4) - x). Suppose -m - 8 = -4*s + 2, 3*m = 4*s + f. Calculate the greatest common divisor of m and 15.
3
Suppose 0 = 4*x - k + 108, 5*x + 81 = 2*x + 2*k. Suppose 5*n - 1 = 6*n. Let r be x*n/(3/1). Calculate the greatest common divisor of 6 and r.
3
Suppose 126 + 54 = 2*i. Calculate the greatest common factor of 20 and i.
10
Let h = 2 - 5. Let c = 7 + h. What is the greatest common divisor of 6 and c?
2
Let l be (44/6)/((-14)/(-189)). What is the greatest common divisor of l and 9?
9
Let h(t) = 3*t**2 + t. Let f be h(3). Let u(z) = -z**2 + 3*z + 2. Let m be u(5). Let x be (0 - -4)*(-150)/m. What is the highest common divisor of f and x?
15
Let r be 3 - 1 - (-253 + -7 + 6). What is the greatest common divisor of 32 and r?
32
Let a(g) = -14*g - 4. Let m be a(-2). Let j(l) = -l + 10. Let t be -1 - (-1 - (-2 - -9)). Let u be j(t). What is the greatest common divisor of u and m?
3
Let b(o) = -6*o**3 - o**2 + 1. Let a be b(-1). What is the greatest common divisor of 54 and a?
6
Let d be 0*2/4 + 56. Calculate the highest common divisor of 16 and d.
8
Suppose -5*i + 73 = 403. Let d = -40 - i. Let a be (-6)/(-21) + 542/14. Calculate the greatest common factor of d and a.
13
Let m(z) = 3*z**3 + 2*z**2 + z - 1. Let c be m(2). What is the greatest common factor of c and 22?
11
Suppose -101 + 276 = 5*o. Let v be (-10)/(-6)*(-8 - -2). Let r = -5 - v. What is the highest common divisor of r and o?
5
Let q be -6 + 3 + 1 + 0. Let i be (q - -2)/(-1) + 0. Let s be 9 + (i/1 - 2). What is the highest common divisor of 7 and s?
7
Let z(x) = 2*x**3 + 2*x**2 - 2*x + 2. Let u be z(2). Let l = 6 + -4. What is the highest common factor of u and l?
2
Let u(z) = -z**3 - 7*z**2 - 5*z + 5. Let b be u(-7). Let q(k) = 8*k**2 + 2*k + 2. Let f be q(-1). What is the greatest common factor of f and b?
8
Let g(o) = -o**2 + 3*o + 6. Let a be g(3). Calculate the greatest common factor of 15 and a.
3
Suppose 19 = -5*i + 54. Let w(a) = -a**3 + 7*a**2 + 6*a - 14. Let g be w(i). Let d = -2 - -16. What is the highest common divisor of d and g?
14
Let z(k) = k. Let i be z(-2). Let r = i + 5. Let s = 17 - r. Calculate the highest common divisor of 70 and s.
14
Let r be (-6)/(-9) + 232/12. Let u be 120/(-9)*1*-6. What is the highest common divisor of u and r?
20
Let z(j) = j**3 + 9*j**2 + j - 1. Let s be z(-9). Let l = s - -27. Suppose l + 22 = 3*b. Calculate the highest common divisor of 143 and b.
13
Let z be (36/20)/(1/5). Suppose 0 = -j + 2*d + 81, -5*j - 2*d = -4*d - 405. Calculate the greatest common divisor of j and z.
9
Let q(l) = 6*l**2 + l + 7. Let v be q(5). Calculate the greatest common divisor of 18 and v.
18
Let g(j) = j**3 - j**2 - j - 2. Let n be g(2). Suppose n = -5*p + 2*p - h + 45, h = -3. Let b be 1/1 + -1 + p. What is the highest common divisor of 128 and b?
16
Let b(g) = -g**3 + g**2 - g + 132. Let w be b(0). Let k be w/6*2/4. Calculate the highest common divisor of k and 55.
11
Let j = -8 - -23. Calculate the greatest common factor of 6 and j.
3
Let f(x) = x**3 + 5*x**2 - x - 5. Let b be 10/45 - (-114)/(-27). Let v be f(b). What is the greatest common divisor of v and 120?
15
Let h be 1 - (-1)/(1/503). Let s = 17 + -13. Let r be h/35 + s/(-10). Calculate the highest common divisor of 14 and r.
14
Let a(n) = n**2 - 13*n + 11. Let j be a(13). What is the greatest common factor of j and 11?
11
Let g(y) = -y. Let z be g(-4). Suppose -o + 26 = 3*q - z, -206 = -5*o - q. Let p = 69 + -48. What is the greatest common factor of o and p?
21
Let m = 134 + -54. Suppose b + b - m = 0. Calculate the highest common divisor of b and 8.
8
Suppose -5*d + 7*u - 4*u + 5 = 0, -2*d + u = -3. What is the greatest common divisor of 2 and d?
2
Let s be (1 + -1 + -8)*-4. Calculate the greatest common divisor of 48 and s.
16
Suppose 0 = 4*u - u. Let c be (-11 - (-3 + 0)) + u. Let w be (-9)/(-6)*c/(-3). What is the greatest common divisor of w and 10?
2
Let w be 1/5 + -1 + 116/20. What is the highest common factor of 3 and w?
1
Let t(x) = -x**3 + 5*x**2 + x - 5. Let k be t(3). What is the highest common factor of 8 and k?
8
Let v = -41 - -87. Let k = v + -29. What is the highest common divisor of 187 and k?
17
Let h = 0 - -5. Let y(f) = f**2 - 8*f + 7. Let v be y(h). Let b = 25 + v. Calculate the greatest common divisor of 170 and b.
17
Suppose 24 = 2*g + 4*q, 3*q - 30 = -4*g + 23. What is the greatest common factor of 14 and g?
14
Let g(k) = -5*k + 4. Suppose 3*a + 28 = 4*o, o + 4 = -5*a - 12. Let v be g(a). Calculate the greatest common divisor of 16 and v.
8
Suppose -6 = -7*b + 85. What is the highest common factor of 117 and b?
13
Let w(c) = -c**2 + 15*c - 13. Let a be w(12). What is the greatest common divisor of a and 23?
23
Let m = -664 + 668. Let h = 33 - 5. Calculate the greatest common divisor of m and h.
4
Let i(q) = -1 + 1 - q**3 + 7*q**2. Let j be i(7). Suppose 16 = k - j*k. Calculate the greatest common divisor of 80 and k.
16
Let h(c) = -5*c**2 + 38*c - 10. Let b be h(7). Calculate the greatest common factor of b and 1.
1
Let w be 2 - 2 - (0 + -42). Suppose 2*f - 18 = -4*t, -5*t + w = -5*f + f. Suppose -4*a + 66 - t = 0. What is the greatest common divisor of a and 30?
15
Suppose 2*g + 6 - 14 = 0. Let f = g - -30. Suppose 5*y + f = d + y, y - 86 = -5*d. Calculate the highest common factor of d and 9.
9
Let x be (-45)/6*-2 + 0. Suppose 5*m = 2*m + 6. Let k be -5*m*-3*4. Calculate the highest common factor of k and x.
15
Suppose -5*y - 3*w = -84, -3*y + 22 = w - 26. Let m be (86/6)/(4/(-12)). Let r = m - -118. What is the highest common factor of r and y?
15
Suppose 2*d = 7*d - 60. Suppose 3*l - 6 = 0, -2*v + v = -l - 42. Let a = -8 + v. What is the highest common divisor of d and a?
12
Let g(c) = -3*c**2 - c**3 - 4 + 0*c + 2*c + 0*c**3 + 8*c**2. Let k be g(5). Calculate the greatest common divisor of k and 2.
2
Let n(k) = k**3 + 12*k**2 + 10*k - 4. Let y be n(-11). What is the highest common factor of 7 and y?
7
Suppose g - 5 = 1. Let j = 6 - 3. Suppose -z + j*r = -18, g = z + 4*r - r. What is the highest common divisor of z and 132?
12
Suppose v - 6 = 10. Calculate the greatest common factor of 144 and v.
16
Let i(j) = j**2 + 6*j + 14. Let p be i(-7). Let d(o) = o**2 - 5*o 